s divided by 56.
50
What is the remainder when 56692 is divided by 637?
636
What is the remainder when 63406 is divided by 35?
21
Calculate the remainder when 24019 is divided by 407.
6
Calculate the remainder when 5895 is divided by 2668.
559
What is the remainder when 3428 is divided by 574?
558
Calculate the remainder when 12068 is divided by 2320.
468
Calculate the remainder when 158322 is divided by 68.
18
Calculate the remainder when 33992 is divided by 50.
42
What is the remainder when 1012462 is divided by 1068?
1066
What is the remainder when 879166 is divided by 191?
184
What is the remainder when 95522 is divided by 143?
141
Calculate the remainder when 121335 is divided by 321.
318
Calculate the remainder when 7451 is divided by 992.
507
What is the remainder when 55929 is divided by 2071?
12
What is the remainder when 627225 is divided by 12?
9
What is the remainder when 8223 is divided by 217?
194
What is the remainder when 227702 is divided by 33?
2
What is the remainder when 5256 is divided by 37?
2
Calculate the remainder when 37112 is divided by 139.
138
What is the remainder when 7871 is divided by 11?
6
Calculate the remainder when 1450 is divided by 250.
200
Calculate the remainder when 2015 is divided by 52.
39
Calculate the remainder when 19403 is divided by 346.
27
Calculate the remainder when 168748 is divided by 28124.
4
What is the remainder when 769923 is divided by 192480?
3
Calculate the remainder when 233463 is divided by 25938.
21
Calculate the remainder when 127957 is divided by 56.
53
What is the remainder when 11594 is divided by 145?
139
What is the remainder when 8025 is divided by 110?
105
Calculate the remainder when 1494 is divided by 786.
708
What is the remainder when 11556 is divided by 1050?
6
Calculate the remainder when 751350 is divided by 18.
12
What is the remainder when 31707 is divided by 21?
18
Calculate the remainder when 78928 is divided by 39460.
8
What is the remainder when 26307 is divided by 3751?
50
Calculate the remainder when 536034 is divided by 542.
538
What is the remainder when 511893 is divided by 25?
18
Calculate the remainder when 1300 is divided by 34.
8
What is the remainder when 6927 is divided by 432?
15
What is the remainder when 141290 is divided by 76?
6
What is the remainder when 6959 is divided by 1630?
439
Calculate the remainder when 9570 is divided by 2379.
54
Calculate the remainder when 1581 is divided by 525.
6
Calculate the remainder when 20765 is divided by 7.
3
What is the remainder when 5136 is divided by 43?
19
Calculate the remainder when 7733 is divided by 1104.
5
Calculate the remainder when 2224 is divided by 384.
304
Calculate the remainder when 105511 is divided by 14.
7
Calculate the remainder when 1856352 is divided by 58.
4
What is the remainder when 496362 is divided by 221?
217
Calculate the remainder when 72178 is divided by 6.
4
Calculate the remainder when 465117 is divided by 9491.
58
Calculate the remainder when 157815 is divided by 31561.
10
Calculate the remainder when 181863 is divided by 164.
151
What is the remainder when 56244 is divided by 316?
312
What is the remainder when 611 is divided by 122?
1
What is the remainder when 269725 is divided by 5089?
8
Calculate the remainder when 1646567 is divided by 297.
296
What is the remainder when 792 is divided by 5?
2
What is the remainder when 1613 is divided by 18?
11
What is the remainder when 121357 is divided by 10106?
85
Calculate the remainder when 440 is divided by 130.
50
Calculate the remainder when 662942 is divided by 1613.
1612
Calculate the remainder when 149705 is divided by 121.
28
What is the remainder when 19745 is divided by 77?
33
Calculate the remainder when 366224 is divided by 49.
47
What is the remainder when 33564 is divided by 714?
6
What is the remainder when 3257 is divided by 491?
311
Calculate the remainder when 2863 is divided by 476.
7
What is the remainder when 14170 is divided by 171?
148
What is the remainder when 68974 is divided by 2155?
14
Calculate the remainder when 268176 is divided by 268142.
34
Calculate the remainder when 44475 is divided by 1197.
186
Calculate the remainder when 10355 is divided by 10330.
25
Calculate the remainder when 101407 is divided by 77.
75
What is the remainder when 90779 is divided by 340?
339
Calculate the remainder when 116837 is divided by 205.
192
Calculate the remainder when 4846692 is divided by 31.
28
What is the remainder when 23083 is divided by 45?
43
Calculate the remainder when 27287 is divided by 4893.
2822
Calculate the remainder when 1731 is divided by 526.
153
Calculate the remainder when 2221 is divided by 626.
343
What is the remainder when 101845 is divided by 34?
15
What is the remainder when 89419 is divided by 245?
239
What is the remainder when 494745 is divided by 162?
159
Calculate the remainder when 20122 is divided by 175.
172
What is the remainder when 3047 is divided by 619?
571
Calculate the remainder when 26506 is divided by 241.
237
What is the remainder when 601040 is divided by 420?
20
Calculate the remainder when 3657 is divided by 55.
27
Calculate the remainder when 7325 is divided by 1458.
35
What is the remainder when 79434 is divided by 3?
0
What is the remainder when 3086 is divided by 1400?
286
What is the remainder when 1033 is divided by 7?
4
Calculate the remainder when 636582 is divided by 138.
126
Calculate the remainder when 4713 is divided by 471.
3
Calculate the remainder when 5219 is divided by 2535.
149
What is the remainder when 6151 is divided by 75?
1
Calculate the remainder when 42517 is divided by 52.
33
What is the remainder when 24542 is divided by 8175?
17
Calculate the remainder when 10111 is divided by 230.
221
Calculate the remainder when 15462 is divided by 645.
627
What is the remainder when 27829 is divided by 9264?
37
Calculate the remainder when 267719 is divided by 10.
9
Calculate the remainder when 2182 is divided by 142.
52
What is the remainder when 157077 is divided by 561?
558
Calculate the remainder when 13091 is divided by 6541.
9
Calculate the remainder when 27404 is divided by 261.
260
What is the remainder when 2555 is divided by 1237?
81
Calculate the remainder when 415782 is divided by 415777.
5
What is the remainder when 5057 is divided by 318?
287
Calculate the remainder when 21067 is divided by 136.
123
What is the remainder when 7023 is divided by 190?
183
What is the remainder when 2594 is divided by 145?
129
Calculate the remainder when 6589 is divided by 1309.
44
What is the remainder when 7555 is divided by 169?
119
Calculate the remainder when 18769 is divided by 14.
9
Calculate the remainder when 623472 is divided by 489.
486
What is the remainder when 67461 is divided by 36?
33
What is the remainder when 14837 is divided by 112?
53
Calculate the remainder when 58932 is divided by 412.
16
Calculate the remainder when 54343 is divided by 46.
17
Calculate the remainder when 3154 is divided by 105.
4
What is the remainder when 3689 is divided by 1825?
39
Calculate the remainder when 363 is divided by 51.
6
Calculate the remainder when 85133 is divided by 19.
13
Calculate the remainder when 601697 is divided by 501.
497
What is the remainder when 3601 is divided by 292?
97
What is the remainder when 896224 is divided by 11?
10
What is the remainder when 11701 is divided by 785?
711
What is the remainder when 18731 is divided by 131?
129
Calculate the remainder when 2579 is divided by 848.
35
What is the remainder when 522 is divided by 135?
117
What is the remainder when 33701 is divided by 602?
591
Calculate the remainder when 804291 is divided by 114898.
5
What is the remainder when 5921 is divided by 336?
209
Calculate the remainder when 1132 is divided by 52.
40
Calculate the remainder when 227415 is divided by 217.
216
What is the remainder when 14037 is divided by 586?
559
What is the remainder when 72679 is divided by 7?
5
Calculate the remainder when 19817 is divided by 946.
897
Calculate the remainder when 480 is divided by 236.
8
What is the remainder when 2281 is divided by 228?
1
Calculate the remainder when 75911 is divided by 4465.
6
Calculate the remainder when 55961 is divided by 13.
9
What is the remainder when 116